- 6*p**2 - 62*p + 89. List the prime factors of c(-27).
2, 11, 97
Let d(v) = -53933*v**3 + 7*v**2 + 24*v + 17. List the prime factors of d(-1).
11, 4903
Suppose 2*f - 8 = -2*x, x - 6*x = -3*f + 20. Let j be 18/(-81) - x*2/9. Suppose 3*i + j*h - 323 = h, -4*h - 126 = -i. List the prime factors of i.
2, 53
Suppose 0 = -19*h + 23*h - 8. What are the prime factors of (h/((-8)/1))/(68/(-44336))?
163
Suppose g + 4*g + 4*i - 5 = 0, 5*g - 5*i - 50 = 0. Suppose 2*c + 2*c = 4*n + 8, 2*n + c = g. Let y(t) = 103*t**3 + 2*t - 2. List the prime factors of y(n).
103
Let c = 1460 - -11048. List the prime factors of c.
2, 53, 59
Let f = 1612 - 639. List the prime factors of f.
7, 139
Let c(r) = -1470*r + 9. Let m(g) = 980*g - 6. Let v(d) = 5*c(d) + 8*m(d). What are the prime factors of v(1)?
487
Suppose -q + 302 = q + 5*b, -5*b - 403 = -3*q. Suppose -10*d - 5*d = 1485. Let x = d + q. List the prime factors of x.
2, 3, 7
Suppose -132*h - 275552 = -148*h + 686192. List the prime factors of h.
7, 31, 277
Let q(z) = z**3 - 11*z**2 + 10*z. Let n be q(10). Suppose -8*x + 7*x - v + 359 = n, 5*x - 1786 = -2*v. List the prime factors of x.
2, 89
Let q(u) = u**3 - 78*u**2 + 82*u - 176. List the prime factors of q(78).
2, 5, 311
Suppose -23*c = 8462 - 53588. Suppose -56*v - c = -62*v. List the prime factors of v.
3, 109
Let p be (-8)/(-3) + (-2)/3. Suppose 0 = p*j - 0 + 4. What are the prime factors of 15/10*16 + j?
2, 11
Let s(u) = -20*u - 76. Let l(r) = -39*r - 151. Let f(y) = -2*l(y) + 5*s(y). What are the prime factors of f(-20)?
2, 181
Let f be (2*(-2)/(-2))/(1 - -1). Let u be (f/(-3))/(11/(-13002)). Let b = u + -268. What are the prime factors of b?
2, 3, 7
Suppose 5*a = 9*a - 340. Suppose -34 = 21*n - 19*n. Let z = n + a. List the prime factors of z.
2, 17
Suppose -5*u - 10 = 0, 0*u + 42 = 5*k + 4*u. Suppose 10*w - k = 5*w. Suppose 38 = -w*c + 218. What are the prime factors of c?
2, 3, 5
Suppose -2*k = 46*q - 50*q + 21618, -q - 5*k + 5377 = 0. What are the prime factors of q?
2, 37, 73
Suppose 7*g + 5190 = 2*q + 3*g, 3*g - 12936 = -5*q. List the prime factors of q.
3, 863
Suppose x = -1083 + 261. What are the prime factors of (-5)/(180/x)*6?
137
List the prime factors of 47656 + ((-570)/(-152))/(3/8).
2, 23833
Let g(c) = -33*c**3 + 2*c**2 + 492*c + 2435. What are the prime factors of g(-5)?
2, 5, 83
List the prime factors of 1852 + ((-3)/5*-15 - 7).
2, 3, 103
Suppose 4*w = -4*b - 0*b + 6156, -4*b = -w + 1559. Let u = w - -508. List the prime factors of u.
7, 293
Let y be (-80)/6*72/(-40). Let c be 7/42 + 11444/y. Suppose 17*d = 14*d + c. List the prime factors of d.
3, 53
Let k(m) = m**2 - 2*m - 37. Let n be k(-6). Let u be n/(-4 - (-155)/40). Let v = 199 + u. List the prime factors of v.
3, 37
Suppose -5*y - 2*b + 5902 = -15270, y - 4231 = 3*b. What are the prime factors of y?
2, 29, 73
Let n(p) be the third derivative of 11/6*p**3 + 0 - 13*p**2 + 1/20*p**5 + 0*p + 1/4*p**4. List the prime factors of n(-7).
2, 29
Let k(b) = 0*b - 2 - 7*b**2 + 2*b + b - 7 - 2*b**3. List the prime factors of k(-7).
313
Suppose q - 4231*w + 4234*w - 26520 = 0, -5*q + 132622 = 4*w. What are the prime factors of q?
2, 3, 4421
Let p(m) = -2*m**3 + 11*m**2 - 16*m + 10. Let y be p(4). What are the prime factors of (-766)/y - 2/(-6)?
2
Let b(r) = -1. Let m(i) = i - 9. Let j(v) = -22*b(v) - 2*m(v). What are the prime factors of j(9)?
2, 11
Suppose 290*d - 2*y = 294*d - 325486, 0 = 4*d + 5*y - 325465. List the prime factors of d.
3, 5, 7, 31
Let j(f) be the first derivative of -3*f**2 + 21*f + 36. Let r be j(3). List the prime factors of (-1492)/(-12) + ((-1)/r - -1).
5
Suppose 11*x - x - 40 = 0. Suppose -4*d + 943 = 3*y, -x*d - y - 3*y = -940. List the prime factors of d.
2, 7, 17
Let y(q) = -3*q - 103. Let d be y(-36). Suppose 5*p = 5*l + 3610, 4*p - 1617 = d*l + 1268. What are the prime factors of p?
5, 29
Let h = 237 - 226. Suppose h*f - 2218 - 246 = 0. List the prime factors of f.
2, 7
List the prime factors of -6*(-5)/((-20)/(-3858)).
3, 643
Let u(y) = -y**3 + 6*y**2 + 2*y - 9. Let a be u(6). Let i(j) = 50*j**2 - 11. List the prime factors of i(a).
439
Let d(b) = -6013*b - 1104. What are the prime factors of d(-5)?
28961
List the prime factors of (-16)/(7/(11382/(-12))).
2, 271
Suppose -24*o + 2 = -190. Suppose -o*l - 498 = -10*l. List the prime factors of l.
3, 83
Let u(m) = m**2 - 48*m - 137. Let l be u(51). Let v(k) = 4*k**2 + k - 101. List the prime factors of v(l).
3, 313
List the prime factors of (39990/12 - 1)*(-18)/(-27).
2221
Let w = 142 - 64. Suppose -11 - 1 = -6*a. What are the prime factors of (6/18)/(a/w)?
13
Let r(j) = 10*j**3 + 2*j**2 - 5*j + 2. Let h be 34 - 4*(-3)/(-6). Suppose h*b - 6 = 29*b. What are the prime factors of r(b)?
2, 5
Let y = -17 - -20. Let r(m) = 4*m + 11*m**2 + 0*m**3 + m**y - 7*m - 16. What are the prime factors of r(-10)?
2, 3, 19
Let h be 7 - 2 - 180/3. Let s = h - -49. List the prime factors of 42/s*56*(-1)/2.
2, 7
Suppose 0 = 2*w + 4*j - 12, 3*w + 0*w = j + 25. Let p be (-2)/(-10) + (w/10 - 1). Suppose -2*m - m + 368 = 2*y, 3*y - 3 = p. List the prime factors of m.
2, 61
Suppose -66366 - 6162 = -25*h + 236347. What are the prime factors of h?
5, 7, 353
Let n be 2*(-9)/8*-4. Let w(y) = -y**2 + 11*y - 13. Let a be w(n). Suppose -a*s + 13 = -37. What are the prime factors of s?
2, 5
Let o be (-36)/(-6)*(-2)/6. Let j(w) = -4*w - 2. Let d be j(o). What are the prime factors of (-92)/d*(-1 + (-3)/6)?
23
Let z = -40 - -8. Let k = z + 231. List the prime factors of k.
199
Let h = 3462 - -6335. What are the prime factors of h?
97, 101
Let m be (-54)/18*-1*1. Suppose -m*i = s - 698, 0*i + 4*s = -i + 240. Suppose w = i - 85. What are the prime factors of w?
3, 7
Suppose h - 5*h = -52. Suppose -h*f - 1584 = -2*f. Let o = -98 - f. List the prime factors of o.
2, 23
Let y(w) = 55*w**2 + 9*w - 30 - 16*w**2 - 38 + 71. List the prime factors of y(-4).
3, 197
Let o be (-20)/(-15)*78/8. Suppose 8*z - 23121 = -o*z. List the prime factors of z.
3, 367
Let c(b) = -9*b**2 + b - 2. Let a be c(1). Let g = 169 + a. Suppose g - 52 = h. List the prime factors of h.
107
Let n be (-2)/(-8) - (-59101)/28. Suppose 8*y - 3425 = n. List the prime factors of y.
2, 173
Let u(q) = -3*q**3 - 5*q**2 - 6*q - 28. Let g be u(-7). Let d = g + 378. What are the prime factors of d?
2, 3, 7
Let n = 61661 - 19222. List the prime factors of n.
31, 37
Suppose -12015 = -2*i - 3*u, 4*i - 24*u - 24018 = -26*u. List the prime factors of i.
3, 23, 29
List the prime factors of ((-28)/(-10))/(14/(-35)) + 96018/13.
47, 157
Let a be -4 - -1 - (-2 + 1 + -2). Suppose -2*m - 2*i + 6 = a, -i + 3 = -3*m - 0. Suppose 74*o - 69*o - 880 = m. List the prime factors of o.
2, 11
Let r(a) = 14*a + 431. List the prime factors of r(31).
5, 173
Suppose 4 = 4*p, 4*f + p - 253 + 48 = 0. Suppose 5*n = -20, -n = -2*d - 16 + 12. List the prime factors of f/4 - 1/d.
13
Let p(i) = 4590*i - 4936. List the prime factors of p(6).
2, 5651
Suppose -z = -2*y - 2*y + 22, z = y - 4. Let a be ((-392)/168)/((-2 - -3)/9). Let t = y - a. List the prime factors of t.
3
Suppose 10*s = 2*s + 200. Let l = -25 + s. Suppose -6*x + 4*x + 38 = l. What are the prime factors of x?
19
Let v(h) = 27*h - 20. Let o be v(5). Let a = o - 112. Suppose -2*s - 710 = -a*n, -3*n + 234 = -2*n - 2*s. List the prime factors of n.
2, 7, 17
Suppose -4 = -y - 2*s + 2, 2*y + 3*s = 7. Let h be -174 + (-2 + 0 - y). Let t = 263 + h. List the prime factors of t.
7, 13
Let r = -64 + 68. Suppose 0 = -4*h + 5*c + 7 + r, -21 = -4*h - 5*c. List the prime factors of ((-582)/(-12))/(2 + (-6)/h).
97
Suppose 3*y - 2*h - 1309 = 43, 899 = 2*y + h. List the prime factors of (-9926)/(-30) - (-60)/y.
331
Let y(o) = 3*o**2 - 36*o + 22. Let v(j) = -j**2 + 12*j - 7. Let l(t) = -10*v(t) - 3*y(t). Let n = 11 - -6. List the prime factors of l(n).
89
Suppose 117*h + 403*h - 2306832 = 146*h. What are the prime factors of h?
2, 3, 257
Let i = 49 - 47. Suppose 1478 = -4*v - i*w, 2*w = -w - 15. Let l = v - -519. What are the prime factors of l?
2, 19
Let r(c) = -13*c**3 - 3*c**2 + 1. Let l be r(-1). Suppose 4*v - l = 21. Suppose -3*q + 157 = -4*z, 47 = q - 4*z + v. List the prime factors of q.
59
Let u = 9693 + -3347. List the prime factors of u.
2, 19, 167
Let t(p) be the second deriv